in base 5?
2034241102
Convert -35a1339 (base 11) to base 5.
-3101034314
4928cb (base 14) to base 9
4636187
Convert -3772768 (base 10) to base 15.
-4e7ccd
-1001202000101220 (base 3) to base 13
-321a464
728244 (base 9) to base 6
13134151
747455 (base 8) to base 13
89826
Convert 33a72 (base 11) to base 9.
74442
What is -100001111101010111 (base 2) in base 13?
-4b408
What is 2a762 (base 11) in base 3?
2012200101
What is 442413232 (base 5) in base 11?
10a1429
Convert 110011221120 (base 3) to base 12.
b6936
Convert 437aa9 (base 11) to base 15.
dc09d
-12021002221 (base 3) to base 5
-11303342
6919b0 (base 14) to base 4
31221120012
-4d8902 (base 15) to base 5
-1423142102
What is 4252110 (base 7) in base 4?
1332031131
Convert -a893333 (base 11) to base 3.
-1100000102101112
31112130120 (base 4) to base 7
41514333
f2459 (base 16) to base 7
11302064
What is 7e6e0 (base 15) in base 11?
255a12
What is 9b2b4 (base 15) in base 5?
111241434
Convert -88770 (base 14) to base 13.
-b7714
-28323 (base 10) to base 15
-85d3
Convert -10000011000110010001 (base 2) to base 7.
-4364350
-4554638 (base 9) to base 13
-6805c4
Convert -113231252 (base 6) to base 15.
-2bce05
1252010 (base 8) to base 6
11252344
-24012043 (base 6) to base 16
-b6adb
Convert 1691b8 (base 12) to base 16.
5efdc
Convert 7b8a1 (base 13) to base 4.
313010221
-31131102 (base 5) to base 13
-8c1a1
-1001100000010110010 (base 2) to base 6
-10402002
Convert 11111110001100010010 (base 2) to base 14.
1d1614
3107851 (base 9) to base 4
12111010201
2673506 (base 10) to base 5
1141023011
404034451 (base 6) to base 11
399a662
Convert 292904 (base 10) to base 3.
112212210022
Convert -57989 (base 10) to base 13.
-20519
What is -23342301 (base 5) in base 8?
-644436
23678807 (base 9) to base 16
b07f79
-5054515 (base 8) to base 9
-2452286
What is 2112315 (base 6) in base 14?
29727
-23113300 (base 5) to base 3
-101112101201
-1057624 (base 8) to base 7
-2302414
-463644 (base 7) to base 8
-242055
What is -34152 (base 8) in base 5?
-430232
Convert 47031 (base 10) to base 12.
23273
a4579 (base 11) to base 2
100101001101101001
Convert 941959 (base 11) to base 10.
1510507
What is -1560662 (base 7) in base 6?
-4345552
Convert 13021320 (base 5) to base 3.
20102110201
Convert -305056 (base 11) to base 10.
-489869
Convert -11110001111011101 (base 2) to base 13.
-444c5
What is 209133 (base 12) in base 8?
1752567
What is -10100010001011001000 (base 2) in base 16?
-a22c8
What is -42435 (base 7) in base 10?
-10512
What is -356340 (base 13) in base 14?
-250da9
Convert -33213130300 (base 4) to base 9.
-7628504
3702569 (base 10) to base 2
1110000111111100101001
What is -13554421 (base 7) in base 8?
-4670401
Convert -17206570 (base 9) to base 12.
-2a7ba90
Convert 46614 (base 7) to base 16.
2ebf
Convert 118c05a (base 13) to base 11.
3094a3a
Convert -1b99c (base 14) to base 10.
-70502
What is -522344 (base 7) in base 2?
-10101111001100110
-18bbd7 (base 14) to base 5
-211041211
-1033214 (base 5) to base 8
-43016
Convert -13630431 (base 8) to base 15.
-411591
Convert -54577 (base 12) to base 5.
-12031103
-44455 (base 6) to base 3
-22112122
Convert 1010011001010101110 (base 2) to base 3.
122022021211
-125631 (base 8) to base 11
-30006
-1323215231 (base 6) to base 9
-32713641
-3844d5 (base 15) to base 5
-1142311400
Convert -707805 (base 9) to base 16.
-6651b
Convert 304010310 (base 5) to base 8.
4554210
What is 2964963 (base 11) in base 8?
23317275
What is 3333443 (base 6) in base 13?
5b614
22a466 (base 11) to base 2
1011001001011000010
Convert -20435 (base 12) to base 10.
-42089
7147715 (base 8) to base 10
1888205
-130bf4 (base 16) to base 11
-782908
Convert -2221113012 (base 4) to base 14.
-140b42
What is -1191211 (base 10) in base 4?
-10202310223
Convert -1373896 (base 10) to base 14.
-27a996
-3002212131 (base 4) to base 15
-10b290
Convert 3111032311 (base 4) to base 12.
361531
Convert -3217a07 (base 11) to base 9.
-11578666
What is -544550 (base 7) in base 15?
-1d37b
What is -101000000000001010 (base 2) in base 10?
-163850
23444244 (base 6) to base 13
1ca665
Convert 477386 (base 16) to base 4.
101313032012
150756 (base 11) to base 7
1666416
Convert 48cd4 (base 15) to base 6.
4551531
68d00 (base 15) to base 14
8985d
Convert 16a196 (base 11) to base 9.
438882
1013242024 (base 5) to base 14
3c4895
Convert 103141110 (base 5) to base 8.
1541620
Convert -558b (base 15) to base 5.
-1040011
What is -89b1a6 (base 12) in base 5?
-1030242213
910e02 (base 16) to base 2
100100010000111000000010
-2411220024 (base 5) to base 13
-1200388
-8f7d (base 16) to base 7
-212044
Convert 6380335 (base 11) to base 12.
3916a54
Convert 100110011010001011 (base 2) to base 15.
31933
Convert 5aac7 (base 16) to base 6.
11543235
1366563 (base 8) to base 3
201201212200
32227 (base 14) to base 9
204175
808413 (base 9) to base 8
1646540
What is -1a3e4e (base 15) in base 2?
-100111000001111111110
-12002020202211 (base 3) to base 11
-1585756
891b9 (base 12) to base 6
3521153
Convert -180483 (base 10) to base 12.
-88543
-628325 (base 10) to base 3
-1011220220022
33211655 (base 7) to base 3
12101022112212
What is -8ba0a6 (base 12) in base 16?
-221efe
Convert 4d8c5a (base 15) to base 9.
7007264
What is 44246 (base 9) in base 13?
1049a
-5b0280 (base 13) to base 2
-1000010010000011000110
572644 (base 9) to base 3
122102201111
Convert 1625477 (base 8) to base 5.
110013243
-60a3481 (base 11) to base 5
-10224432332
-a77d6 (base 16) to base 14
-13c02a
-105413 (base 6) to base 16
-2331
Convert 13a093 (base 12) to base 16.
502ef
What is 169198 (base 11) in base 2?
111111101111110000
221212320021 (base 4) to base 9
22463710
Convert -33c75 (base 13) to base 10.
-94398
What is -221811 (base 9) in base 7?
-1061416
What is 2202010121111 (base 3) in base 8?
5441746
-811274 (base 10) to base 3
-1112012212012
Convert -12400144 (base 5) to base 6.
-2340244
What is -36817a (base 13) in base 15?
-1ab17b
-132040334 (base 5) to base 7
-5412554
What is -395252 (base 10) in base 11?
-24aa60
-a9946 (base 16) to base 15
-dac18
What is -7a9df (base 16) in base 5?
-112032424
-2198449 (base 11) to base 12
-135641b
Convert -177007 (base 11) to base 8.
-1024736
-2b059b (base 13) to base 9
-1881835
What is -2102202112112 (base 3) in base 12?
-52507b
What is 1357a31 (base 13) in base 2?
10111010001011001111010
d1320 (base 14) to base 16
7abf0
What is -11311510 (base 10) in base 8?
-53114626
10011100101110001101 (base 2) to base 3
1012121120022
Convert 1100000001011110000 (base 2) to base 9.
660372
4c1538 (base 15) to base 16
37b011
-1010101111110111101 (base 2) to base 8
-1257675
What is -a84210 (base 14) in base 7?
-66265120
What is 582276 (base 10) in base 14?
1122b2
Convert cc78 (base 15) to base 14.
11adb
-13331331411 (base 5) to base 2
-1000001000100101000110100
-13b725 (base 12) to base 11
-206827
What is 166513 (base 9) in base 5?
11300311
-412713 (base 9) to base 6
-5125150
Convert 636932 (base 15) to base 3.
22220022221202
Convert 140350 (base 10) to base 9.
233464
-536615 (base 11) to base 6
-30215442
Convert -6cc71 (base 14) to base 4.
-1000322103
What is -431723 (base 9) in base 8?
-766254
Convert -680 (base 10) to base 15.
-305
Convert 46244105 (base 7) to base 14.
77403c
Convert 638927 (base 10) to base 16.
9bfcf
What is -5cb1 (base 16) in base 11?
-16912
What is -1cba9 (base 14) in base 12?
-36755
What is -25003567 (base 8) in base 6?
-314011023
80a39 (base 12) to base 16
28dcd
Convert -bd59 (base 16) to base 2.
-1011110101011001
Convert 22cc99 (base 13) to base 11.
516293
Convert -4320001 (base 5) to base 4.
-101312212
What is 50be07 (base 16) in base 14?
9ba583
What is -1395a0 (base 13) in base 11?
-2a6a15
-186b56 (base 14) to base 4
-3102321220
Convert 11102000002102 (base 3) to base 11.
135a922
Convert 52291 (base 13) to base 8.
440307
What is -114102411 (base 5) in base 12?
-21954b
Convert 706675 (base 8) to base 14.
60c33
2183f (base 16) to base 2
100001100000111111
1222120121121 (base 3) to base 7
11651404
-253b540 (base 13) to base 14
-1786dd4
Convert 12d231 (base 14) to base 13.
19a289
-340312404 (base 5) to base 7
-15463545
Convert 23505110 (base 7) to base 8.
7751717
What is 252676 (base 8) in base 6?
1513010
What is 430320414 (base 5) in base 7?
21235666
Convert -234015 (base 10) t